{"id":235,"date":"2020-08-08T18:01:11","date_gmt":"2020-08-08T18:01:11","guid":{"rendered":"https:\/\/editorialresistencia.com.mx\/tienda\/producto\/un-gato-en-el-caribe-ganadora-del-prmio-lipp-2016\/"},"modified":"2021-11-08T20:51:16","modified_gmt":"2021-11-08T20:51:16","slug":"un-gato-en-el-caribe-ganadora-del-prmio-lipp-2016","status":"publish","type":"product","link":"https:\/\/editorialresistencia.com.mx\/tienda\/producto\/un-gato-en-el-caribe-ganadora-del-prmio-lipp-2016\/","title":{"rendered":"Un Gato en el Caribe (Ganadora del prmio LIPP 2016)"},"content":{"rendered":"<p>Bugnicourt O\u2019Hara, es un ex aviador argentino de origen irland\u00e9s con un pasado al margen de la ley. A la vejez vive un tranquilo retiro en Belice. Atr\u00e1s quedaron los azarosos d\u00edas como contrabandista, alcoh\u00f3lico y fugitivo en escenarios tan distantes como la Patagonia, la jungla de Nicaragua, los cielos de Honduras, las calles de M\u00e9xico y las cantinas de Tijuana.<\/p>\n<p>De esa \u00e9poca s\u00f3lo le quedan tres cicatrices y cada una oculta una historia. Un gato en el Caribe es una novela de aventuras para adultos, en la que se amalgaman historias de conquistadores, leyendas de piratas, pol\u00edtica, drogas, sexo, magia y violencia. Tambi\u00e9n es un canto a la amistad y al amor, y un nost\u00e1lgico homenaje a Emilio Salgari, Jack London, Joseph Conrad, Ernest Hemingway, H\u00e9ctor G. Oesterheld, Hugo Pratt y Rodolfo Walsh.<\/p>\n<p>Autor: Roberto Bardini<\/p>\n<p>Ilustraci\u00f3n: Edu Molina<\/p>\n<p>Novela ganadora del premio literario LIPP la brasserie 2016<\/p>\n","protected":false},"excerpt":{"rendered":"<p>Bugnicourt O\u2019Hara, es un ex aviador argentino de origen irland\u00e9s con un pasado al margen de la ley. A la vejez vive un tranquilo retiro en Belice. Atr\u00e1s quedaron los azarosos d\u00edas como contrabandista, alcoh\u00f3lico y fugitivo en escenarios tan distantes como la Patagonia, la jungla de Nicaragua, los cielos de Honduras, las calles de M\u00e9xico y las cantinas de Tijuana.<\/p>\n<p>De esa \u00e9poca s\u00f3lo le quedan tres cicatrices y cada una oculta una historia. Un gato en el Caribe es una novela de aventuras para adultos, en la que se amalgaman historias de conquistadores, leyendas de piratas, pol\u00edtica, drogas, sexo, magia y violencia. Tambi\u00e9n es un canto a la amistad y al amor, y un nost\u00e1lgico homenaje a Emilio Salgari, Jack London, Joseph Conrad, Ernest Hemingway, H\u00e9ctor G. Oesterheld, Hugo Pratt y Rodolfo Walsh.<\/p>\n<p>Autor: Roberto Bardini<\/p>\n<p>Ilustraci\u00f3n: Edu Molina<\/p>\n<p>Novela ganadora del premio literario LIPP la brasserie 2016<\/p>\n","protected":false},"author":1,"featured_media":180,"template":"","meta":[],"product_brand":[],"product_cat":[39],"product_tag":[],"class_list":{"0":"post-235","1":"product","2":"type-product","3":"status-publish","4":"has-post-thumbnail","6":"product_cat-novela","7":"product_shipping_class-envio-terrestre","9":"first","10":"instock","11":"taxable","12":"shipping-taxable","13":"purchasable","14":"product-type-simple"},"yoast_head":"<!-- This site is optimized with the Yoast SEO plugin v27.5 - https:\/\/yoast.com\/product\/yoast-seo-wordpress\/ -->\n<title>Un Gato en el Caribe (Ganadora del prmio LIPP 2016) - Editorial Resistencia<\/title>\n<meta name=\"description\" content=\"Un Gato en el Caribe (Ganadora del prmio LIPP 2016) - Editorial Resistencia\" \/>\n<meta name=\"robots\" content=\"index, follow, max-snippet:-1, max-image-preview:large, max-video-preview:-1\" \/>\n<link rel=\"canonical\" href=\"https:\/\/editorialresistencia.com.mx\/tienda\/producto\/un-gato-en-el-caribe-ganadora-del-prmio-lipp-2016\/\" \/>\n<meta property=\"og:locale\" content=\"es_ES\" \/>\n<meta property=\"og:type\" content=\"article\" \/>\n<meta property=\"og:title\" content=\"Un Gato en el Caribe (Ganadora del prmio LIPP 2016) - Editorial Resistencia\" \/>\n<meta property=\"og:description\" content=\"Un Gato en el Caribe (Ganadora del prmio LIPP 2016) - Editorial Resistencia\" \/>\n<meta property=\"og:url\" content=\"https:\/\/editorialresistencia.com.mx\/tienda\/producto\/un-gato-en-el-caribe-ganadora-del-prmio-lipp-2016\/\" \/>\n<meta property=\"og:site_name\" content=\"Editorial Resistencia\" \/>\n<meta property=\"article:publisher\" content=\"https:\/\/www.facebook.com\/resistenciaeditorial\" \/>\n<meta property=\"article:modified_time\" content=\"2021-11-08T20:51:16+00:00\" \/>\n<meta property=\"og:image\" content=\"https:\/\/editorialresistencia.com.mx\/tienda\/wp-content\/uploads\/2020\/08\/Un-Gato-en-el-Caribe.jpg\" \/>\n\t<meta property=\"og:image:width\" content=\"720\" \/>\n\t<meta property=\"og:image:height\" content=\"960\" \/>\n\t<meta property=\"og:image:type\" content=\"image\/jpeg\" \/>\n<meta name=\"twitter:card\" content=\"summary_large_image\" \/>\n<meta name=\"twitter:site\" content=\"@edresistencia\" \/>\n<meta name=\"twitter:label1\" content=\"Tiempo de lectura\" \/>\n\t<meta name=\"twitter:data1\" content=\"1 minuto\" \/>\n<script type=\"application\/ld+json\" class=\"yoast-schema-graph\">{\"@context\":\"https:\\\/\\\/schema.org\",\"@graph\":[{\"@type\":\"WebPage\",\"@id\":\"https:\\\/\\\/editorialresistencia.com.mx\\\/tienda\\\/producto\\\/un-gato-en-el-caribe-ganadora-del-prmio-lipp-2016\\\/\",\"url\":\"https:\\\/\\\/editorialresistencia.com.mx\\\/tienda\\\/producto\\\/un-gato-en-el-caribe-ganadora-del-prmio-lipp-2016\\\/\",\"name\":\"Un Gato en el Caribe (Ganadora del prmio LIPP 2016) - Editorial Resistencia\",\"isPartOf\":{\"@id\":\"https:\\\/\\\/editorialresistencia.com.mx\\\/tienda\\\/#website\"},\"primaryImageOfPage\":{\"@id\":\"https:\\\/\\\/editorialresistencia.com.mx\\\/tienda\\\/producto\\\/un-gato-en-el-caribe-ganadora-del-prmio-lipp-2016\\\/#primaryimage\"},\"image\":{\"@id\":\"https:\\\/\\\/editorialresistencia.com.mx\\\/tienda\\\/producto\\\/un-gato-en-el-caribe-ganadora-del-prmio-lipp-2016\\\/#primaryimage\"},\"thumbnailUrl\":\"https:\\\/\\\/editorialresistencia.com.mx\\\/tienda\\\/wp-content\\\/uploads\\\/2020\\\/08\\\/Un-Gato-en-el-Caribe.jpg\",\"datePublished\":\"2020-08-08T18:01:11+00:00\",\"dateModified\":\"2021-11-08T20:51:16+00:00\",\"description\":\"Un Gato en el Caribe (Ganadora del prmio LIPP 2016) - Editorial Resistencia\",\"breadcrumb\":{\"@id\":\"https:\\\/\\\/editorialresistencia.com.mx\\\/tienda\\\/producto\\\/un-gato-en-el-caribe-ganadora-del-prmio-lipp-2016\\\/#breadcrumb\"},\"inLanguage\":\"es\",\"potentialAction\":[{\"@type\":\"ReadAction\",\"target\":[\"https:\\\/\\\/editorialresistencia.com.mx\\\/tienda\\\/producto\\\/un-gato-en-el-caribe-ganadora-del-prmio-lipp-2016\\\/\"]}]},{\"@type\":\"ImageObject\",\"inLanguage\":\"es\",\"@id\":\"https:\\\/\\\/editorialresistencia.com.mx\\\/tienda\\\/producto\\\/un-gato-en-el-caribe-ganadora-del-prmio-lipp-2016\\\/#primaryimage\",\"url\":\"https:\\\/\\\/editorialresistencia.com.mx\\\/tienda\\\/wp-content\\\/uploads\\\/2020\\\/08\\\/Un-Gato-en-el-Caribe.jpg\",\"contentUrl\":\"https:\\\/\\\/editorialresistencia.com.mx\\\/tienda\\\/wp-content\\\/uploads\\\/2020\\\/08\\\/Un-Gato-en-el-Caribe.jpg\",\"width\":720,\"height\":960},{\"@type\":\"BreadcrumbList\",\"@id\":\"https:\\\/\\\/editorialresistencia.com.mx\\\/tienda\\\/producto\\\/un-gato-en-el-caribe-ganadora-del-prmio-lipp-2016\\\/#breadcrumb\",\"itemListElement\":[{\"@type\":\"ListItem\",\"position\":1,\"name\":\"Portada\",\"item\":\"https:\\\/\\\/editorialresistencia.com.mx\\\/tienda\\\/\"},{\"@type\":\"ListItem\",\"position\":2,\"name\":\"Un Gato en el Caribe (Ganadora del prmio LIPP 2016)\"}]},{\"@type\":\"WebSite\",\"@id\":\"https:\\\/\\\/editorialresistencia.com.mx\\\/tienda\\\/#website\",\"url\":\"https:\\\/\\\/editorialresistencia.com.mx\\\/tienda\\\/\",\"name\":\"Editorial Resistencia\",\"description\":\"Publicaci\u00f3n de libros infantiles triling\u00fces.\",\"publisher\":{\"@id\":\"https:\\\/\\\/editorialresistencia.com.mx\\\/tienda\\\/#organization\"},\"alternateName\":\"Publicaci\u00f3n de libros infantiles triling\u00fces.\",\"potentialAction\":[{\"@type\":\"SearchAction\",\"target\":{\"@type\":\"EntryPoint\",\"urlTemplate\":\"https:\\\/\\\/editorialresistencia.com.mx\\\/tienda\\\/?s={search_term_string}\"},\"query-input\":{\"@type\":\"PropertyValueSpecification\",\"valueRequired\":true,\"valueName\":\"search_term_string\"}}],\"inLanguage\":\"es\"},{\"@type\":\"Organization\",\"@id\":\"https:\\\/\\\/editorialresistencia.com.mx\\\/tienda\\\/#organization\",\"name\":\"Editorial Resistencia\",\"alternateName\":\"Publicaci\u00f3n de libros infantiles triling\u00fces.\",\"url\":\"https:\\\/\\\/editorialresistencia.com.mx\\\/tienda\\\/\",\"logo\":{\"@type\":\"ImageObject\",\"inLanguage\":\"es\",\"@id\":\"https:\\\/\\\/editorialresistencia.com.mx\\\/tienda\\\/#\\\/schema\\\/logo\\\/image\\\/\",\"url\":\"https:\\\/\\\/editorialresistencia.com.mx\\\/tienda\\\/wp-content\\\/uploads\\\/2024\\\/09\\\/Logo-Resistencia.jpg\",\"contentUrl\":\"https:\\\/\\\/editorialresistencia.com.mx\\\/tienda\\\/wp-content\\\/uploads\\\/2024\\\/09\\\/Logo-Resistencia.jpg\",\"width\":512,\"height\":512,\"caption\":\"Editorial Resistencia\"},\"image\":{\"@id\":\"https:\\\/\\\/editorialresistencia.com.mx\\\/tienda\\\/#\\\/schema\\\/logo\\\/image\\\/\"},\"sameAs\":[\"https:\\\/\\\/www.facebook.com\\\/resistenciaeditorial\",\"https:\\\/\\\/x.com\\\/edresistencia\"]}]}<\/script>\n<!-- \/ Yoast SEO plugin. -->","yoast_head_json":{"title":"Un Gato en el Caribe (Ganadora del prmio LIPP 2016) - Editorial Resistencia","description":"Un Gato en el Caribe (Ganadora del prmio LIPP 2016) - Editorial Resistencia","robots":{"index":"index","follow":"follow","max-snippet":"max-snippet:-1","max-image-preview":"max-image-preview:large","max-video-preview":"max-video-preview:-1"},"canonical":"https:\/\/editorialresistencia.com.mx\/tienda\/producto\/un-gato-en-el-caribe-ganadora-del-prmio-lipp-2016\/","og_locale":"es_ES","og_type":"article","og_title":"Un Gato en el Caribe (Ganadora del prmio LIPP 2016) - Editorial Resistencia","og_description":"Un Gato en el Caribe (Ganadora del prmio LIPP 2016) - Editorial Resistencia","og_url":"https:\/\/editorialresistencia.com.mx\/tienda\/producto\/un-gato-en-el-caribe-ganadora-del-prmio-lipp-2016\/","og_site_name":"Editorial Resistencia","article_publisher":"https:\/\/www.facebook.com\/resistenciaeditorial","article_modified_time":"2021-11-08T20:51:16+00:00","og_image":[{"width":720,"height":960,"url":"https:\/\/editorialresistencia.com.mx\/tienda\/wp-content\/uploads\/2020\/08\/Un-Gato-en-el-Caribe.jpg","type":"image\/jpeg"}],"twitter_card":"summary_large_image","twitter_site":"@edresistencia","twitter_misc":{"Tiempo de lectura":"1 minuto"},"schema":{"@context":"https:\/\/schema.org","@graph":[{"@type":"WebPage","@id":"https:\/\/editorialresistencia.com.mx\/tienda\/producto\/un-gato-en-el-caribe-ganadora-del-prmio-lipp-2016\/","url":"https:\/\/editorialresistencia.com.mx\/tienda\/producto\/un-gato-en-el-caribe-ganadora-del-prmio-lipp-2016\/","name":"Un Gato en el Caribe (Ganadora del prmio LIPP 2016) - Editorial Resistencia","isPartOf":{"@id":"https:\/\/editorialresistencia.com.mx\/tienda\/#website"},"primaryImageOfPage":{"@id":"https:\/\/editorialresistencia.com.mx\/tienda\/producto\/un-gato-en-el-caribe-ganadora-del-prmio-lipp-2016\/#primaryimage"},"image":{"@id":"https:\/\/editorialresistencia.com.mx\/tienda\/producto\/un-gato-en-el-caribe-ganadora-del-prmio-lipp-2016\/#primaryimage"},"thumbnailUrl":"https:\/\/editorialresistencia.com.mx\/tienda\/wp-content\/uploads\/2020\/08\/Un-Gato-en-el-Caribe.jpg","datePublished":"2020-08-08T18:01:11+00:00","dateModified":"2021-11-08T20:51:16+00:00","description":"Un Gato en el Caribe (Ganadora del prmio LIPP 2016) - Editorial Resistencia","breadcrumb":{"@id":"https:\/\/editorialresistencia.com.mx\/tienda\/producto\/un-gato-en-el-caribe-ganadora-del-prmio-lipp-2016\/#breadcrumb"},"inLanguage":"es","potentialAction":[{"@type":"ReadAction","target":["https:\/\/editorialresistencia.com.mx\/tienda\/producto\/un-gato-en-el-caribe-ganadora-del-prmio-lipp-2016\/"]}]},{"@type":"ImageObject","inLanguage":"es","@id":"https:\/\/editorialresistencia.com.mx\/tienda\/producto\/un-gato-en-el-caribe-ganadora-del-prmio-lipp-2016\/#primaryimage","url":"https:\/\/editorialresistencia.com.mx\/tienda\/wp-content\/uploads\/2020\/08\/Un-Gato-en-el-Caribe.jpg","contentUrl":"https:\/\/editorialresistencia.com.mx\/tienda\/wp-content\/uploads\/2020\/08\/Un-Gato-en-el-Caribe.jpg","width":720,"height":960},{"@type":"BreadcrumbList","@id":"https:\/\/editorialresistencia.com.mx\/tienda\/producto\/un-gato-en-el-caribe-ganadora-del-prmio-lipp-2016\/#breadcrumb","itemListElement":[{"@type":"ListItem","position":1,"name":"Portada","item":"https:\/\/editorialresistencia.com.mx\/tienda\/"},{"@type":"ListItem","position":2,"name":"Un Gato en el Caribe (Ganadora del prmio LIPP 2016)"}]},{"@type":"WebSite","@id":"https:\/\/editorialresistencia.com.mx\/tienda\/#website","url":"https:\/\/editorialresistencia.com.mx\/tienda\/","name":"Editorial Resistencia","description":"Publicaci\u00f3n de libros infantiles triling\u00fces.","publisher":{"@id":"https:\/\/editorialresistencia.com.mx\/tienda\/#organization"},"alternateName":"Publicaci\u00f3n de libros infantiles triling\u00fces.","potentialAction":[{"@type":"SearchAction","target":{"@type":"EntryPoint","urlTemplate":"https:\/\/editorialresistencia.com.mx\/tienda\/?s={search_term_string}"},"query-input":{"@type":"PropertyValueSpecification","valueRequired":true,"valueName":"search_term_string"}}],"inLanguage":"es"},{"@type":"Organization","@id":"https:\/\/editorialresistencia.com.mx\/tienda\/#organization","name":"Editorial Resistencia","alternateName":"Publicaci\u00f3n de libros infantiles triling\u00fces.","url":"https:\/\/editorialresistencia.com.mx\/tienda\/","logo":{"@type":"ImageObject","inLanguage":"es","@id":"https:\/\/editorialresistencia.com.mx\/tienda\/#\/schema\/logo\/image\/","url":"https:\/\/editorialresistencia.com.mx\/tienda\/wp-content\/uploads\/2024\/09\/Logo-Resistencia.jpg","contentUrl":"https:\/\/editorialresistencia.com.mx\/tienda\/wp-content\/uploads\/2024\/09\/Logo-Resistencia.jpg","width":512,"height":512,"caption":"Editorial Resistencia"},"image":{"@id":"https:\/\/editorialresistencia.com.mx\/tienda\/#\/schema\/logo\/image\/"},"sameAs":["https:\/\/www.facebook.com\/resistenciaeditorial","https:\/\/x.com\/edresistencia"]}]}},"_links":{"self":[{"href":"https:\/\/editorialresistencia.com.mx\/tienda\/wp-json\/wp\/v2\/product\/235","targetHints":{"allow":["GET"]}}],"collection":[{"href":"https:\/\/editorialresistencia.com.mx\/tienda\/wp-json\/wp\/v2\/product"}],"about":[{"href":"https:\/\/editorialresistencia.com.mx\/tienda\/wp-json\/wp\/v2\/types\/product"}],"author":[{"embeddable":true,"href":"https:\/\/editorialresistencia.com.mx\/tienda\/wp-json\/wp\/v2\/users\/1"}],"wp:featuredmedia":[{"embeddable":true,"href":"https:\/\/editorialresistencia.com.mx\/tienda\/wp-json\/wp\/v2\/media\/180"}],"wp:attachment":[{"href":"https:\/\/editorialresistencia.com.mx\/tienda\/wp-json\/wp\/v2\/media?parent=235"}],"wp:term":[{"taxonomy":"product_brand","embeddable":true,"href":"https:\/\/editorialresistencia.com.mx\/tienda\/wp-json\/wp\/v2\/product_brand?post=235"},{"taxonomy":"product_cat","embeddable":true,"href":"https:\/\/editorialresistencia.com.mx\/tienda\/wp-json\/wp\/v2\/product_cat?post=235"},{"taxonomy":"product_tag","embeddable":true,"href":"https:\/\/editorialresistencia.com.mx\/tienda\/wp-json\/wp\/v2\/product_tag?post=235"}],"curies":[{"name":"wp","href":"https:\/\/api.w.org\/{rel}","templated":true}]}}